f*k + 0*k = -21. Is t a composite number?
False
Suppose 4*d = 3 + 5. Let s be (d + 488)/1 + -1. Suppose j - 293 = -5*k + 2*k, 5*k - s = -2*j. Is k a composite number?
False
Suppose 0*h + o - 277 = -2*h, -5*o - 422 = -3*h. Is h a composite number?
False
Let l be 10/(-40) - 42/(-8). Is l + -2 + 77 - 3 a composite number?
True
Let p(l) be the third derivative of l**5/20 - l**4/6 + 5*l**3/6 + l**2. Suppose -3*v - 1 = -4*h + 6, 3*v - 13 = -h. Is p(h) a composite number?
False
Let j(h) = 49*h - 1. Let n be j(1). Let y = -19 + n. Let s = 120 - y. Is s prime?
False
Let b = -124 + 765. Is b composite?
False
Let f be 31/3 + (-2)/(-3). Suppose -f = 4*v + 13. Let m(q) = q**2 - 3*q - 7. Is m(v) a composite number?
False
Let k = 0 + 4. Suppose -y - 10 = k*y. Is (78/(-9))/(y/6) prime?
False
Suppose 0 = -3*t + 3 - 0. Is 33/9*(t + 2) a composite number?
False
Let h(n) = 11*n**2 - 16*n + 69. Is h(10) composite?
False
Suppose 2*i + 6 = 2*m, -5*m = -3*i + 6*i + 9. Suppose -5*w + 7 - 2 = m. Is (-28 - (w + -3))/(-2) a prime number?
True
Let v = 121 - 372. Let s be 2*2/(2/(-51)). Let h = s - v. Is h a composite number?
False
Let o = 5 + -4. Is ((-129)/(-5))/o*5 composite?
True
Let b be ((-9)/6 - -1)*878. Let c(p) = 9*p**3 + 4*p**2 - 4*p + 2. Let m be c(4). Let f = b + m. Is f prime?
False
Let l = 920 + -102. Suppose -2*p + 2*f = -f - l, 416 = p + 2*f. Is p/9 - 14/(-63) a prime number?
False
Suppose -4*o - 2*p - 350 = 0, 3*p + 2*p = o + 104. Let r = -38 - o. Is r a composite number?
True
Let y = -11 + 19. Suppose 0 = 5*t - 3*j - 474, 0 = 3*j + y + 1. Is t composite?
True
Let t(j) = -j**2 + 6*j + 7. Suppose -w + 2*k + 1 = -3*k, -2*w - 3*k + 15 = 0. Is t(w) prime?
True
Let w be (-5 + 7)*(-71)/(-2). Suppose -3*a + 3*r = -a - w, -5*a = -3*r - 173. Is a a composite number?
True
Is (-30 - 1)*(-10 + 9) a composite number?
False
Let m be (-17574)/(-14) - (-4)/(-14). Suppose -4*h + 5*f - 7 = -33, 2 = h + f. Suppose h*s - m = -s. Is s a composite number?
False
Suppose 0 = -4*l + 4*x - 16, -10 = -3*l + 4*l - 3*x. Let a be 2 + -2 + l - -83. Let o = -59 + a. Is o prime?
True
Suppose -2*n = -4*a - 1 - 17, 0 = n - a - 7. Let l = n + 30. Is l a prime number?
False
Let i be ((-20)/(-30))/((-2)/(-12)). Is 21 + i/(-6)*3 composite?
False
Let l(o) = -o**2 - 2*o. Let d be l(-2). Let h(c) = c + 2. Let i be h(0). Is (4 + -30)/(d - i) a composite number?
False
Let s(i) = 2*i - 5. Suppose 5 = 2*c - a, -2*c + a + 10 = 5*a. Suppose 4*q + 0*z = -c*z + 26, q - 3*z = 14. Is s(q) a composite number?
False
Suppose -5*l + 1838 = 3*h, 0*h - 3*h + 1829 = -4*l. Is h prime?
False
Let k = 15 - 11. Suppose -5*l = -k*l - 163. Is l a prime number?
True
Let s(o) = 3*o**2 + 2 + 0 + o**3 - 8*o**2. Let m be s(5). Suppose -m*g = 3*g - 110. Is g composite?
True
Let s(t) = t + 9. Let c be s(-6). Suppose 6 = -2*w + c*k, w - 2*k + 3 + 0 = 0. Is 85 + (2 - 2)/w composite?
True
Let x = -438 + 847. Is x a composite number?
False
Let o be (4/(-5))/(20/150). Let m = 5 - o. Is m a prime number?
True
Let n(s) = s**2 - 10*s - 12. Let z be n(11). Let v = 36 - z. Is v a composite number?
False
Suppose -j = -3*j - 110. Let p = j + 22. Let x = p - -110. Is x a composite number?
True
Is (-8 - -7) + (2742 - 0/(-3)) composite?
False
Is 514/(0 + 2 + 0) a prime number?
True
Let d(p) = 3*p**2 - 3*p + 2. Let q be d(2). Suppose h - 3*i - 2 = -i, 0 = h + 4*i - q. Suppose -21 = -h*k + 191. Is k a composite number?
False
Let g(s) = s - 5. Let x(r) = 2*r - 11. Let b(t) = 13*g(t) - 6*x(t). Let d be b(2). Suppose -d*p + 4*w - 43 = -4*p, -w = -5. Is p composite?
False
Is 0 + -4 - -679 - -4 composite?
True
Let c(j) = 70*j + 9. Is c(7) a composite number?
False
Suppose 5*y - 328 = y. Suppose -5*w + y = -173. Is w a composite number?
True
Is (1 - 8451/(-5)) + 26/(-130) a prime number?
False
Suppose 0 = 6*w + 4*w - 15430. Is w a composite number?
False
Suppose 2*s - 4 = -0. Suppose 3 + s = -5*x + l, 5*x = -4*l + 20. Is x + (-3 - -1) + 165 a composite number?
False
Let k(x) = 42*x + 13. Let w be k(6). Suppose 5*f = 5*t + w, -3*f + 4*t + 70 + 89 = 0. Is f a composite number?
False
Suppose -2*m - 12 = -d, -5*m - 19 = 2*d + 2. Suppose d*i = 6*i + 8. Is 2 + -1 - i*6 prime?
True
Is (-4)/18 + (-119104)/(-72) prime?
False
Let n(g) = 153*g + 1. Let d(y) = -229*y - 2. Let i(j) = 5*d(j) + 7*n(j). Suppose -h = -m + h + 6, 18 = -m - 4*h. Is i(m) composite?
True
Let n = 0 - -2. Let v(a) = -3*a**3 + 2*a**2 + a - 1. Let d be v(n). Let z = d - -38. Is z a composite number?
False
Let h(c) = 10*c**2 - 17*c - 1. Let s be h(7). Suppose 2*j - 4*m - 174 = 0, -4*j - 6*m + 3*m = -s. Is j composite?
True
Let h(p) = -p**2 + 9*p - 1. Let o be ((-8)/(-4))/((-2)/(-7)). Is h(o) composite?
False
Suppose -1459 = -3*v - n, -n - 4 = -2*n. Is v prime?
False
Let t(i) = -i**3 - 4*i**2 - 2*i - 6. Let d be t(-4). Suppose 30 = 5*b - 3*b + d*l, -42 = -2*b - 5*l. Is b a prime number?
True
Let z(v) = -v - 8. Let g(k) = k**3 - 5*k**2 + 2*k + 4. Let t be g(3). Let f be z(t). Suppose -h - 2*s + f = -51, 51 = h - 2*s. Is h composite?
True
Let g(a) = 5*a**2 - 6*a - 25. Is g(-6) prime?
True
Suppose f - 3 = i, f + 2 = 2*f - 2*i. Suppose -4*x = -f*m - 45 - 139, 86 = 2*x - 4*m. Is x composite?
True
Suppose -3*s + 891 = -1074. Suppose -n = -6*n + s. Is n prime?
True
Let p(j) = 13*j**3 + j**2 + 4*j + 1. Let w(u) = -u**2 + 7*u - 3. Let v be w(6). Is p(v) composite?
False
Suppose 24 = 5*j - 2*b, 4*j - 6 = -4*b + 30. Let g be (-2)/5 + j/15. Suppose -u = -5, -5*w + 3*u + 19 + 36 = g. Is w composite?
True
Let i = -1141 - -1844. Is i a prime number?
False
Let x = 3883 - -1362. Is x a prime number?
False
Let a be (5 - 0) + -3 + 5. Let i = a - -12. Let d = 29 - i. Is d a prime number?
False
Suppose -14*h + 4613 = -7*h. Is h a composite number?
False
Let t(v) = -508*v + 1. Is t(-6) composite?
False
Let s = 524 + -202. Suppose -a + 3*a - s = 0. Is a prime?
False
Let b(i) = -i**3 + 11*i**2 + 11*i - 32. Is b(11) composite?
False
Let i be ((-8)/32)/((-1)/4). Let f = i + 14. Is f prime?
False
Suppose 80 = -0*v + v. Is -2 + v/1 + 1 prime?
True
Let u be (1 - 1/(-1))*-1. Let m(z) = -1. Let b(v) = 2*v**2 + 4*v - 5. Let r(w) = u*m(w) + b(w). Is r(2) prime?
True
Let r(q) = -q - 4. Let l be r(-6). Suppose l*i + 3*j = 161, 4*i + j - 3 = 334. Is i a composite number?
True
Suppose 5*i - 2340 = 1165. Is i prime?
True
Suppose -2*a - 1059 = -5*a. Let k = -130 + a. Is k prime?
True
Let n(u) = -6*u - 1. Let y be n(-1). Suppose 0 = -4*g - y*c + 194, c = -3*g - 0*c + 140. Is g a prime number?
False
Suppose -2*a - 4*n = 16, -a - 5*n = -5*a + 20. Let w = 11 - a. Suppose 0*x = x - w. Is x composite?
False
Suppose -5*c = -8*c + 75. Is c a prime number?
False
Suppose 0 = 5*o - s - 512, -3*s - s - 8 = 0. Suppose -1097 = -5*d - o. Is d composite?
False
Let d = 228 - 30. Suppose -d = -5*r + 257. Is r composite?
True
Suppose 2*o = o - 83. Let m = -24 - o. Is m a composite number?
False
Suppose 5*o = -4*x + 4, x = 3*o + 2*o + 1. Is (1/x + -20)*-1 composite?
False
Suppose -3*d + 16 = 5*v - 2*d, 5*v = -4*d + 4. Suppose -316 = -v*c - 0*c. Is c a composite number?
False
Suppose -2*q - 3*q = -75. Suppose -q = -4*a - 67. Let b = 54 - a. Is b prime?
True
Let y(x) = -x**2 + 7*x. Let n be y(7). Suppose n = 4*t - 48 - 40. Is 1360/t - (-20)/110 composite?
True
Is (16024/44 - -1) + (-4)/22 a prime number?
False
Let s(j) be the third derivative of -11*j**6/240 + j**5/120 - j**4/24 + j**2. Let f(h) be the second derivative of s(h). Is f(-2) composite?
False
Suppose -7*n + 2*n = 340. Let f = 123 + n. Is f prime?
False
Let l = 1069 - 623. Is l composite?
True
Let m(w) = w**3 + 8*w**2 + 8*w + 9. Let n be m(-7). Suppose -206 = -3*r - c + 152, 252 = n*r - 2*c. Is r composite?
True
Suppose 485 = y + 4*a, 3*y + a - 968 = 531. Is y a prime number?
False
Suppose 1906 = 5*i - 2689. Is i composite?
False
Suppose 4*t - 2463 - 341 = 0. Is t a prime number?
True
Let i = -2 + 4. Suppose 42 = i*m - 0*m. Is m a prime number?
False
Let q = 81 - -250. Is q a prime number?
True
Suppose 3*w = -2*w + 9430. Is w/7 - (-27)/(-63) prime?
True
Let v be -7 + (-6)/(-2) + -2. Let k(w) be the second derivative of -7*w**3/2 - 5*w**2/2 - w. Is k(v) composite?
True
Suppose 5*q - 723 = -b, 5*b + 5 = -5. Is q composite?
True
Is ((-3641)/55)/((-3)/15 + 0) composite?
False
Suppose 2*g - 2